is divided by h(k)?
23
Suppose 15*j - 466 = 1139. Calculate the remainder when j is divided by 10.
7
Suppose -548*h + 1520 = -508*h. Calculate the remainder when 1021 is divided by h.
33
What is the remainder when 127 is divided by (-36)/(-1)*27/81?
7
Let y be (1/(-3))/((-1)/93). Let d = -14 + y. What is the remainder when 43 is divided by d?
9
Let c(o) = 4*o - 21. Let q be c(10). Suppose h - 12 = q. What is the remainder when 61 is divided by h?
30
Let j = 70 + -31. What is the remainder when j is divided by 18?
3
Let l be 1/3 - (-14)/3. Let x(u) = l*u - u + 0*u - 4. Calculate the remainder when x(4) is divided by 5.
2
Let p be (0/(-1) + 0)/1. Suppose p = 6*a - 3*a. Suppose -3*j + 25 = -2*x, 2*j + x - 12 = -a*x. What is the remainder when 25 is divided by j?
4
Suppose -63*g = -60*g - 339. Let f = 142 - g. What is the remainder when 84 is divided by f?
26
Let r(m) = -m**3 + 8*m**2 + 7*m - 1. Suppose 4 = -i - 2*f + 35, 0 = 5*i - 2*f - 203. What is the remainder when r(6) is divided by i?
35
Calculate the remainder when ((45/25)/(-3))/((-2)/2440) is divided by 46.
42
Let o = -34 + 73. Calculate the remainder when o is divided by 6.
3
Let c(t) = -7*t - 24. Let r be c(-4). Suppose -4*x - 3*i + 65 + 45 = 0, r*x = i + 118. What is the remainder when 55 is divided by x?
26
Let i = -311 + 347. What is the remainder when 140 is divided by i?
32
Let d = -295 + 297. Suppose -6*x + x - 4*l = -16, 2*x - 3*l = -12. What is the remainder when 69 is divided by x/d - (4 - 22)?
15
Let v = -10 + 7. What is the remainder when 26/v*9/(-3) is divided by (-15)/(-3) + 4/1?
8
Suppose 0 = k + 1, 2*k = 4*o + o - 352. Let t = o + -46. What is the remainder when t is divided by 13?
11
Let k be ((-36)/(-24))/(1/(-12)). What is the remainder when (-2)/(-9) + (-1940)/k is divided by 37?
34
Suppose -14*k + 18*k = 4*q + 176, -4*k + 3*q = -179. Calculate the remainder when k is divided by 10.
7
Let i = -435 + 444. Suppose -365 = -5*j + 5*t, -89 = -3*j - t + 118. What is the remainder when j is divided by i?
7
Let o(h) = h**3 - 6*h**2 + 4. Let g = 21 - 13. Let f be o(g). Suppose 64 = 2*y + 2*n, 0 = 4*y - 2*n + 7*n - f. What is the remainder when y is divided by 10?
8
Suppose -139 = -4*h - 3*a - 2*a, -h + 4*a + 61 = 0. What is the remainder when h is divided by 30?
11
Let a(p) = -5*p + 3 - 4 - 1. Calculate the remainder when 24 is divided by a(-3).
11
Suppose 3*o - 5*s = -14 - 42, -4*o + 3*s = 71. Let h = 90 + o. What is the remainder when h is divided by 37?
36
Let i(n) = -n**2 + 4*n + 61. Calculate the remainder when 66 is divided by i(5).
10
Let m = -108 - -103. What is the remainder when 23 is divided by (-54)/(-1 + m) + -5?
3
Suppose 72*m + 215 = 77*m. Calculate the remainder when 164 is divided by m.
35
Let o = 107 + -103. Suppose 0 = -5*k + 2 + 68. What is the remainder when k is divided by o?
2
Suppose -4*t - 3*w + 502 = 0, -387 = -3*t - 6*w + 9*w. Suppose -62 = -0*a - 2*a + 2*l, -4*a + t = -3*l. Calculate the remainder when a is divided by 13.
8
Suppose 0 = 3*t + 13 + 5. Let f(d) = -d**3 - 5*d**2 + 5*d - 2. What is the remainder when 13 is divided by f(t)?
1
Let j = 20 + 23. Suppose 7*g - 325 = -164. What is the remainder when j is divided by g?
20
Let y be 2/(-8) - (225/12)/(-3). Suppose 5*w - y*w + 23 = 0. Calculate the remainder when w is divided by 6.
5
Let t(d) = 7 + 6*d - 5*d**2 - d + 6*d**2. Let q be 18/(-48) + 45/(-8). Calculate the remainder when 24 is divided by t(q).
11
Suppose 2*d = -2*w - 36, -2*w + 2 + 25 = -d. Let o(i) = i**3 - 15*i**2 - 12*i - 30. Calculate the remainder when o(16) is divided by (21 - 0) + d/7.
16
Let r be 5*(-28)/(-35)*(0 - -1). Suppose m + 20 = 4*l, -r*m - 47 = -5*l - 11. What is the remainder when 39 is divided by l?
3
Let d = 123 + -59. What is the remainder when 157 is divided by ((-5)/(-4))/(2/d)?
37
Let j be ((-4)/6)/((-4)/18). Suppose -5*f - j*x = -143, x = 3*f + 6*x - 89. Let y(n) = 103*n - 48. Calculate the remainder when y(1) is divided by f.
27
Suppose 87 = 3*f + 27. Let j = 18 - 15. Suppose -3*x - 129 = -2*z + 2*x, j*z + 2*x - 165 = 0. What is the remainder when z is divided by f?
17
Let d be 172 - (9/(-6))/3*-4. Suppose -3*o - 2*o + d = 0. What is the remainder when o is divided by 12?
10
Let i(b) = -b**3 - 7*b**2 - b + 29. Calculate the remainder when 209 is divided by i(-7).
29
What is the remainder when 293 is divided by 25/5 - -59 - (5 + 0)?
57
What is the remainder when 20*(31 + 1) - (-4 + 2) is divided by 34?
30
Let g be (2/(-3))/(2/(-21)). Suppose w + 3*y = -48, 2*y - 52 = w + g*y. Let a = w - -64. Calculate the remainder when 86 is divided by a.
20
Let w = -13 - 8. Let l = w + 14. Let t = l - -37. What is the remainder when t is divided by 11?
8
What is the remainder when -1*13/(-2)*(-69 + 83) is divided by 19?
15
Let c be ((-8)/2 + 4)/(-1). Suppose c = -2*m + j + 4 + 7, 3*j = -9. Calculate the remainder when 5 is divided by m.
1
Let v be 33/11*4/3. Suppose -v*f - 24 = -9*f - 3*c, -3*c = f - 12. What is the remainder when 3 is divided by f?
0
Let s(b) = -b + 1. Let t(a) = -10*a - 7. Let g(u) = 2*s(u) + t(u). Calculate the remainder when g(-2) is divided by 3.
1
Suppose 2*q + 5*r = 142, q - 2*r = -2*q + 194. What is the remainder when q is divided by 102/3 - (-10 + 13) - -3?
32
Let u(m) = 5*m**3 + 2*m**2 - 2*m + 1. Let j be u(1). What is the remainder when 91 is divided by j/30 + (-114)/(-5)?
22
Suppose -h + 9 + 6 = 3*z, -4*z = 16. Let b = -1606 + 1710. What is the remainder when b is divided by h?
23
Let l(x) = 2*x - 36. Let q be l(20). Suppose 0*s + q*s - 166 = 3*r, s = -4*r + 32. What is the remainder when s is divided by 15?
10
Calculate the remainder when 254 is divided by 4 + (55 - (-1)/(-1) - 6).
46
Suppose -66*s = -60*s - 180. Calculate the remainder when s is divided by 11/(-2)*(2 - 4).
8
Let f(z) = -z + 1. Let d(w) = -37*w + 3. Calculate the remainder when d(-1) is divided by f(-10).
7
Let j(z) = z**3 - 5*z**2 - 5*z - 6. Let p(m) = -m**3 - 19*m**2 + 18*m + 9. What is the remainder when j(8) is divided by p(-20)?
48
Let s(b) = -2*b + 19. Let c be s(9). Suppose p = -5*m + c, -4 + 0 = 2*m. Calculate the remainder when 37 is divided by p.
4
Let r(p) = 6*p**2 - 24*p - 154. Calculate the remainder when r(-6) is divided by 100.
6
Let n = 195 + -187. What is the remainder when (-22 - (2 + -1))*-3 is divided by n?
5
Suppose -3*x + 4*o = -175, 159 = 5*x - 3*o - 129. Calculate the remainder when 165 is divided by x.
51
Let z be -5*(5 - 176/10). Let h = z - 39. What is the remainder when 26 is divided by h?
2
Let c(o) = -262*o - 5 + 149*o - 9. What is the remainder when c(-2) is divided by 36?
32
Suppose -3*s + 4*s = -4. What is the remainder when -33*(2 + -1 + -2) is divided by ((-68)/8)/(2/s)?
16
Suppose -33 = -3*d + 3*k, 3*k - 29 = -4*d + 50. Suppose -d*p = -6*p - 50. Calculate the remainder when 29 is divided by p.
4
Let s = -100 - -181. What is the remainder when s is divided by 7?
4
Let o = -3 - -169. Calculate the remainder when o is divided by 10.
6
Let t be 1762/(-9) + (-24)/108. What is the remainder when t/21*9/(-2) is divided by 23?
19
Suppose 2*t = 6*t - 620. Suppose -8*g + 3*g + t = 0. Let p = -118 - -134. What is the remainder when g is divided by p?
15
Suppose -2*s - 2 = 0, 5*s + 100 = -6*l + 7*l. Suppose -l = -y - 4*y - 5*n, 3*n + 18 = 2*y. Calculate the remainder when 42 is divided by y.
12
Let z = -3 - -10. Suppose z*n = 3*n. Suppose n = -p + 9 + 39. Calculate the remainder when p is divided by 25.
23
Let w = -216 - -271. Calculate the remainder when w is divided by (-14)/(-3)*6/2.
13
Suppose -5*k - 160 = -6*d + d, -4*d - k + 138 = 0. Suppose 2*w + 0*h - d = 4*h, -5*h + 3 = 4*w. What is the remainder when 13 is divided by w?
6
Suppose -984 = -21*p - 312. Calculate the remainder when 316 is divided by p.
28
Suppose 496 = -98*j + 114*j. What is the remainder when 207 is divided by j?
21
Let g(q) = q**2 - 6*q. Let y(v) = -24*v + 6 - 2 + 4 - 6. Calculate the remainder when y(-1) is divided by g(7).
5
Let c = 5 + 11. Suppose -4*k + k - 12 = 0, 4*h - k = c. Calculate the remainder when 16 is divided by h.
1
Suppose j = -3*l + 8 + 4, 0 = -3*j + l + 6. Suppose -39 = -2*z + j. Let p = 1 + z. Calculate the remainder when 108 is divided by p.
20
Let a = 27 + -31. Calculate the remainder when (-14)/a*2 + 2 i